the remainder when 292 is divided by 6?
4
Calculate the remainder when 77 is divided by 71.
6
What is the remainder when 220 is divided by 188?
32
Calculate the remainder when 34 is divided by 13.
8
Calculate the remainder when 3093 is divided by 14.
13
What is the remainder when 650 is divided by 262?
126
What is the remainder when 46 is divided by 5?
1
Calculate the remainder when 457 is divided by 2.
1
Calculate the remainder when 1398 is divided by 14.
12
Calculate the remainder when 11549 is divided by 7.
6
What is the remainder when 724 is divided by 346?
32
What is the remainder when 589 is divided by 290?
9
What is the remainder when 33 is divided by 11?
0
What is the remainder when 489 is divided by 6?
3
What is the remainder when 15 is divided by 7?
1
Calculate the remainder when 15 is divided by 4.
3
What is the remainder when 697 is divided by 37?
31
What is the remainder when 170 is divided by 43?
41
Calculate the remainder when 440 is divided by 16.
8
What is the remainder when 532 is divided by 22?
4
What is the remainder when 108 is divided by 28?
24
What is the remainder when 624 is divided by 106?
94
What is the remainder when 160 is divided by 21?
13
What is the remainder when 22573 is divided by 43?
41
Calculate the remainder when 244 is divided by 74.
22
What is the remainder when 131 is divided by 128?
3
Calculate the remainder when 41 is divided by 4.
1
Calculate the remainder when 7809 is divided by 7.
4
What is the remainder when 975 is divided by 140?
135
Calculate the remainder when 267 is divided by 179.
88
Calculate the remainder when 214 is divided by 22.
16
What is the remainder when 218 is divided by 26?
10
Calculate the remainder when 540 is divided by 102.
30
Calculate the remainder when 36 is divided by 30.
6
Calculate the remainder when 6487 is divided by 15.
7
Calculate the remainder when 9 is divided by 4.
1
What is the remainder when 2025 is divided by 35?
30
Calculate the remainder when 164 is divided by 37.
16
Calculate the remainder when 3358 is divided by 198.
190
What is the remainder when 4558 is divided by 35?
8
Calculate the remainder when 421 is divided by 108.
97
What is the remainder when 37 is divided by 8?
5
What is the remainder when 120 is divided by 16?
8
Calculate the remainder when 848 is divided by 173.
156
What is the remainder when 64 is divided by 21?
1
Calculate the remainder when 888 is divided by 176.
8
What is the remainder when 145 is divided by 45?
10
Calculate the remainder when 164 is divided by 22.
10
What is the remainder when 285 is divided by 20?
5
What is the remainder when 8413 is divided by 85?
83
Calculate the remainder when 646 is divided by 66.
52
Calculate the remainder when 2369 is divided by 103.
0
Calculate the remainder when 1611 is divided by 17.
13
Calculate the remainder when 157 is divided by 33.
25
Calculate the remainder when 69 is divided by 21.
6
Calculate the remainder when 148 is divided by 40.
28
What is the remainder when 404 is divided by 170?
64
Calculate the remainder when 1448 is divided by 44.
40
What is the remainder when 426 is divided by 108?
102
Calculate the remainder when 728 is divided by 179.
12
What is the remainder when 392 is divided by 116?
44
What is the remainder when 67 is divided by 19?
10
What is the remainder when 2000 is divided by 337?
315
What is the remainder when 590 is divided by 16?
14
Calculate the remainder when 284 is divided by 144.
140
Calculate the remainder when 126 is divided by 34.
24
Calculate the remainder when 138 is divided by 130.
8
Calculate the remainder when 96 is divided by 33.
30
What is the remainder when 335 is divided by 168?
167
What is the remainder when 6760 is divided by 165?
160
Calculate the remainder when 354 is divided by 124.
106
What is the remainder when 110 is divided by 1?
0
Calculate the remainder when 20 is divided by 6.
2
What is the remainder when 421 is divided by 49?
29
Calculate the remainder when 86 is divided by 16.
6
What is the remainder when 8293 is divided by 11?
10
Calculate the remainder when 2113 is divided by 4.
1
What is the remainder when 175 is divided by 163?
12
What is the remainder when 1394 is divided by 78?
68
Calculate the remainder when 1239 is divided by 46.
43
What is the remainder when 77 is divided by 27?
23
Calculate the remainder when 701 is divided by 9.
8
Calculate the remainder when 1489 is divided by 383.
340
Calculate the remainder when 104 is divided by 36.
32
Calculate the remainder when 374 is divided by 133.
108
What is the remainder when 308 is divided by 10?
8
Calculate the remainder when 1031 is divided by 186.
101
What is the remainder when 1313 is divided by 146?
145
Calculate the remainder when 234 is divided by 81.
72
Calculate the remainder when 2322 is divided by 7.
5
What is the remainder when 831 is divided by 64?
63
What is the remainder when 729 is divided by 724?
5
What is the remainder when 114 is divided by 74?
40
What is the remainder when 570 is divided by 130?
50
What is the remainder when 284 is divided by 74?
62
Calculate the remainder when 10435 is divided by 15.
10
Calculate the remainder when 718 is divided by 21.
4
Calculate the remainder when 1538 is divided by 20.
18
What is the remainder when 393 is divided by 18?
15
What is the remainder when 83 is divided by 31?
21
Calculate the remainder when 1889 is divided by 86.
83
Calculate the remainder when 319 is divided by 54.
49
What is the remainder when 620 is divided by 99?
26
What is the remainder when 11 is divided by 4?
3
What is the remainder when 2111 is divided by 173?
35
Calculate the remainder when 104 is divided by 22.
16
Calculate the remainder when 183 is divided by 37.
35
Calculate the remainder when 1172 is divided by 45.
2
Calculate the remainder when 738 is divided by 8.
2
Calculate the remainder when 289 is divided by 12.
1
Calculate the remainder when 103 is divided by 20.
3
Calculate the remainder when 361 is divided by 74.
65
Calculate the remainder when 173 is divided by 13.
4
What is the remainder when 2471 is divided by 407?
29
Calculate the remainder when 2045 is divided by 54.
47
What is the remainder when 1694 is divided by 560?
14
What is the remainder when 5 is divided by 4?
1
What is the remainder when 86 is divided by 12?
2
Calculate the remainder when 1493 is divided by 102.
65
Calculate the remainder when 2351 is divided by 124.
119
Calculate the remainder when 961 is divided by 305.
46
What is the remainder when 1113 is divided by 62?
59
Calculate the remainder when 1133 is divided by 71.
68
What is the remainder when 912 is divided by 131?
126
What is the remainder when 107 is divided by 16?
11
What is the remainder when 900 is divided by 239?
183
Calculate the remainder when 383 is divided by 32.
31
Calculate the remainder when 39 is divided by 14.
11
Calculate the remainder when 52 is divided by 14.
10
Calculate the remainder when 117 is divided by 7.
5
What is the remainder when 123 is divided by 12?
3
Calculate the remainder when 1980 is divided by 25.
5
Calculate the remainder when 6895 is divided by 861.
7
What is the remainder when 556 is divided by 22?
6
What is the remainder when 11385 is divided by 100?
85
What is the remainder when 332 is divided by 67?
64
What is the remainder when 18708 is divided by 21?
18
Calculate the remainder when 145 is divided by 39.
28
What is the remainder when 389 is divided by 65?
64
What is the remainder when 69 is divided by 6?
3
What is the remainder when 359 is divided by 9?
8
Calculate the remainder when 158 is divided by 58.
42
Calculate the remainder when 11647 is divided by 91.
90
What is the remainder when 3010 is divided by 36?
22
What is the remainder when 63 is divided by 43?
20
What is the remainder when 131 is divided by 26?
1
What is the remainder when 736 is divided by 57?
52
Calculate the remainder when 1185 is divided by 22.
19
What is the remainder when 242 is divided by 62?
56
What is the remainder when 380 is divided by 28?
16
Calculate the remainder when 170 is divided by 154.
16
Calculate the remainder when 51 is divided by 31.
20
Calculate the remainder when 5291 is divided by 87.
71
What is the remainder when 98 is divided by 59?
39
What is the remainder when 53 is d